 - 86. Is c a composite number?
False
Let h(d) = 1312*d + 49. Is h(1) a prime number?
True
Let j be -1151 - -1 - (-2)/(-2). Let h = 2206 + j. Suppose -h = -u - 4*u. Is u prime?
True
Suppose 3*q + k + 209463 = 6*q, 69821 = q + 3*k. Is q prime?
True
Is ((-455589)/1)/(-3) + 4 prime?
False
Suppose 906 = 5*s - 4*z, 5*z - 159 = 5*s - 1069. Is (4 - 5)/((-1)/s) a prime number?
False
Suppose 3*q + 29480 - 73509 = -2*a, -a + 22018 = 5*q. Is a prime?
True
Let o(g) = -112*g + 3. Let c(n) = n - 11. Let x be c(4). Is o(x) prime?
True
Let k(h) = -495*h + 569. Is k(-24) a prime number?
False
Let r(g) = -573*g**3 - 4*g**2 - 7*g + 1. Is r(-2) prime?
True
Let s = 40 + -35. Suppose -2*f - f = -384. Suppose s*j - f - 47 = 0. Is j a prime number?
False
Let t = 8342 - 945. Is t prime?
False
Suppose 0 = c - 3 + 17. Is ((2219/(-14))/((-1)/c))/(-1) composite?
True
Suppose w = -4*x + 15 + 2, -w - 4 = -3*x. Let c be 8196/21 + 6/(-21). Suppose 2*f = -3*f - 5*q + c, f - 80 = -x*q. Is f a prime number?
False
Is 838/(((-16)/(-4))/(7 + -1)) a prime number?
False
Suppose -4*s - 6*w = -w - 390, -s + 94 = 3*w. Let m = 395 - s. Is m composite?
True
Let y(u) = 7*u**2 - 3*u. Let h be y(-3). Suppose 379 = d - h. Is d composite?
True
Let k(r) = -r**3 + 9*r**2 + 10*r + 3. Let a(h) = 2*h**3 - 18*h**2 - 20*h - 7. Let m(v) = 3*a(v) + 5*k(v). Let i be m(10). Is (-2)/i - 368/(-12) a prime number?
True
Suppose 440924 = -55*c + 99*c. Is c a prime number?
False
Suppose 0 = 4*z - 7*z. Let p be (-8)/(-16)*z/1. Suppose 7*n - 7 - 462 = p. Is n a composite number?
False
Let v(y) be the third derivative of y**5/20 + 5*y**4/6 + 5*y**3/3 - 6*y**2. Let f be v(-13). Suppose -3*m + f = -2*m. Is m a prime number?
True
Let c(d) = -d**3 + 4*d**2 + d. Suppose 0 = 3*k + 2*a - 22, 3*k + a - 21 = -k. Let u be c(k). Suppose -h = -u*j + 528, -137 = -0*j - j - h. Is j composite?
True
Let p = 388 - -206. Suppose 3*c - p = 4*g, -4*c + 185 = -3*c + 3*g. Let v = c + -83. Is v composite?
True
Let p(f) be the third derivative of -43*f**4/12 - f**3/2 - f**2. Let g be p(-13). Suppose -7*l = -2*l - g. Is l composite?
False
Let q(r) = -r**3 + 13*r**2 - r - 5. Suppose 0*i - 12 = -i. Is q(i) a composite number?
False
Let g = 3350 - 1915. Suppose 5*n + 3570 = g. Let v = n - -648. Is v composite?
True
Suppose -5 - 115 = 6*q. Is 74/8*(-400)/q composite?
True
Let w be (-3)/2 + (-10)/4. Let p be 1546/4 + 6/w. Let t = p + -54. Is t composite?
False
Let c be 6/(-24)*(0 - 4). Suppose -3*k - 2*p + 14 = -c, 4*k - 27 = -5*p. Suppose -5*h = k*y - 7, 4*y - 3 = -2*h + 11. Is y a composite number?
True
Let i = 201 - 14. Is -4 + 0/4 + i composite?
True
Let q be ((-10)/4)/(16/(-32)). Suppose 5*j - 4193 = 3*j + 5*d, -2*d = q*j - 10410. Suppose 4*m + 4*g - j = 0, 0*m - 4*g - 2084 = -4*m. Is m prime?
True
Let c(r) = r**2 - 7*r - 3. Let p be c(8). Let u be (-1 - 7/(-4))/(15/60). Suppose 0 = 5*t + u*f - 740, 5*f - 322 = -p*t + 428. Is t prime?
False
Let q be (6/(-4) + 1)*2. Let i(x) = 61*x**3 + 3*x**2 + 5*x - 2. Let k(v) = 123*v**3 + 5*v**2 + 9*v - 3. Let d(j) = 5*i(j) - 3*k(j). Is d(q) a composite number?
True
Suppose -3*u - 5*x = -4*u - 443, -3*u + 3*x = 1281. Let k = -268 - u. Is k prime?
False
Let m(t) = t + 16. Let a be m(-8). Suppose -9*x = -a*x - 691. Is x prime?
True
Is 2514/10 + (-22)/55 prime?
True
Let a be (-6)/(-4) + (-1680)/32. Let h = 40 - a. Is h a prime number?
False
Suppose 4*a + 76 = -3*u, u - 4*a + 40 = -9*a. Let l be (-1)/4 + 15/u. Is l/(-4 - -3) - -304 a prime number?
False
Suppose -i - 14 - 10 = 0. Let r be (16/(-6))/(16/i). Suppose -y - 417 = -r*y. Is y composite?
False
Suppose -3*u + 2*s + 497 = 0, 5*s + 0*s = -2*u + 306. Let m = 312 - u. Is m a composite number?
False
Suppose 4*x - 3*x - 26 = 0. Let y be 4/x - (-2)/(-13). Suppose 5*m + y*l - 656 = 3*l, 269 = 2*m + l. Is m prime?
False
Let u be (-473)/5 - (-2)/(-5). Suppose 5*g + 5*y + 735 = 0, 5*y = -2*g - 259 - 32. Let l = u - g. Is l a prime number?
True
Let n = 1898 - -605. Is n a prime number?
True
Let r(d) = 7*d - 10. Let g be r(4). Let x be (-2)/4 - g/4. Let f(i) = -19*i - 6. Is f(x) a prime number?
True
Is 77392/28*10/8 composite?
True
Let z(p) = 110*p + 34*p - 31*p + 92*p. Suppose 2*f = 2*r - 8, -3*f = f - 2*r + 6. Is z(f) composite?
True
Let n = 10 + -10. Suppose i = z - n*z - 12, 4*z - 5*i = 43. Is (-1526)/(-8) + z/68 a composite number?
False
Let o(n) = 5*n - 3. Suppose -2*k + 5 = -3*h - k, 5*h - 5*k + 25 = 0. Suppose h = m + 3*m - 32. Is o(m) composite?
False
Let p = -16 + 4. Is 1434/9*p/(-8) a prime number?
True
Suppose 0 = -4*h + 5*h - 653. Is h prime?
True
Let m(a) = -a**3 + 14*a**2 + 13*a - 35. Is m(12) a prime number?
True
Let r = -38 - -37. Is 163 + (0 - (r - -3)) a composite number?
True
Is (-67050)/(-26) - (-17)/((-1547)/(-14)) a prime number?
True
Suppose -347830 = -38*w + 305808. Is w a composite number?
True
Let x be (-27 - -27) + (-1)/((-1)/(-3)). Is 1257/(-15)*(-2 + x) a composite number?
False
Let l(s) be the second derivative of -3*s - 23/2*s**2 + 0 + 5/6*s**3. Is l(16) composite?
True
Suppose -h + 2*c = 0, -3*h + 0*c + 36 = 3*c. Let p(g) = -28*g + 6. Let o(n) = -n - 1. Let j(b) = 3*o(b) - p(b). Is j(h) a prime number?
True
Suppose -4*o - 13 = -13. Is 0/2 - (o + -148 - 1) a composite number?
False
Let s(d) = d**3 + 12*d**2 + 9*d - 3. Let c be s(-10). Suppose -2*g + 135 + c = 0. Suppose -7*k + 8*k = g. Is k composite?
True
Let l(x) = 573*x**2 - 14*x + 8. Is l(-3) prime?
False
Suppose -482 = -2*m + 272. Suppose 0 = -5*y + m - 52. Is y composite?
True
Suppose -77*l + 974330 = 270011. Is l composite?
True
Suppose 5*a + 4*o - 4920 - 9561 = 0, -5*a - 2*o + 14483 = 0. Is a a prime number?
True
Let p(o) = 10*o**2 - 3*o + 2. Let l be p(1). Let k = 14 - l. Suppose -5*f + 2*h = -534, -k*h = 3*f - 2*h - 312. Is f prime?
False
Let l(a) be the second derivative of a**5/20 - 2*a**4/3 + a**3/6 - 4*a**2 + 4*a. Let d be l(8). Suppose d = -4*b + 2*b + 474. Is b a composite number?
True
Let y = 122 + 2585. Is y composite?
False
Suppose 0 = p + 4*q + q + 71, -4*q = -12. Let f = 199 + p. Let g = f - 30. Is g prime?
True
Let q = 6138 - 2255. Is q prime?
False
Let a(j) be the third derivative of 1/30*j**5 + 0 + 5/24*j**4 + 0*j - 3/2*j**3 - 3*j**2. Is a(-8) composite?
False
Let d(u) = -5*u**3 - 7*u**2 + 24*u - 29. Is d(-9) a prime number?
True
Let x(c) = -c**2 + c. Let y(i) = -2*i**2 - 4*i + 3. Let u(v) = x(v) - y(v). Let b be u(6). Is 10125/b - 4/(-14) a composite number?
True
Let n = 12 - 19. Let x be (-2)/(-2) - (n - -5). Suppose -x*u + 3097 = 970. Is u composite?
False
Let y(g) = g**3 + 2*g**2 + 2*g + 1. Let m be y(-1). Let b be (-1*(-2 - 1) - 3)/2. Suppose b*h - 2*h + 662 = m. Is h a composite number?
False
Suppose 11*c = 12*c - 117. Let n = c + 60. Is n a composite number?
True
Let n be -8 + (1 - -1) + 2. Let m(g) = -2*g - 3. Let x(p) = p + 3. Let s(f) = 6*m(f) + 7*x(f). Is s(n) a prime number?
True
Let v = 364 - 190. Suppose -t + 1 = -0, 2*d + 4 = 4*t. Suppose d = -3*b + b + v. Is b composite?
True
Let a be (-135)/75 - 1/5. Let n be (a - 2)*12/3. Let w(v) = -14*v + 35. Is w(n) prime?
False
Suppose -114*m + 105*m = -10683. Is m prime?
True
Suppose -2*j = -3*j, 2*r - 32510 = -j. Is r prime?
False
Let n = -62 + 72. Is -6 + (-14958)/(-45) + (-4)/n a composite number?
True
Suppose 290*d = 281*d + 13293. Is d a prime number?
False
Let t(h) = 24*h + 11. Let x be t(7). Let q = 74 + x. Is q composite?
True
Suppose -4*m = -4*h + 20732, -3*m = h - 2*h + 5191. Is h composite?
False
Let b be 152/(8 - 4)*-2. Let u = b - -134. Is u a composite number?
True
Is -4*(214026/(-32))/(15/20) composite?
False
Let l(m) = 153*m - 41. Is l(6) a composite number?
False
Let y(f) = f**3 + 4*f**2 + 2*f + 1. Let z be y(-3). Suppose -2 = z*o - 6. Is ((-22)/o)/((-10)/35) composite?
True
Let m = -17 + 34. Let y = 17 - m. Is 7 + 251 - (1 - y) a prime number?
True
Let t(i) = -i**2 - 9*i + 4. Let a be t(-9). Suppose -a*l + 2*l = 42. Is (-4)/14 - 1791/l composite?
True
Suppose -11*o = -6*o. Suppose -2*l - 16 = -5*w + 5, o = -5*w - 3*l + 31. Suppose 797 + 8 = w*k. Is k composite?
True
Let a(p) = -p**3 - 5*p**2 - 3*p + 3. Let u be a(-4). Let x(i) = 251*i**2. Let g be x(u). Let r = g + -158. Is r a composite number?
True
Suppose 44 = 5*x + 9. Let z(j) = -j**2 + 4*j + 15. Let w be z(x). Is 9/w - (-2